697
What are the prime factors of 1450598563?
151, 331, 29023
What are the prime factors of 261356017?
13, 41, 59, 8311
List the prime factors of 229977922.
2, 114988961
What are the prime factors of 118563209?
118563209
List the prime factors of 275851549.
275851549
List the prime factors of 13617517.
37, 113, 3257
What are the prime factors of 391545007?
7, 1187, 47123
What are the prime factors of 221691222?
2, 3, 79, 157, 331
What are the prime factors of 578185486?
2, 59, 109, 44953
What are the prime factors of 187521317?
19, 191, 51673
List the prime factors of 56093386.
2, 197, 142369
What are the prime factors of 1438617725?
5, 233, 491, 503
List the prime factors of 77841891.
3, 35593
What are the prime factors of 61730378?
2, 30865189
List the prime factors of 77468649.
3, 1607, 16069
What are the prime factors of 139830948?
2, 3, 79, 607
List the prime factors of 56155774.
2, 29, 757, 1279
What are the prime factors of 1479825089?
19, 77885531
List the prime factors of 23586292.
2, 47, 109, 1151
What are the prime factors of 279615520?
2, 5, 109, 16033
What are the prime factors of 686921907?
3, 7, 17, 101, 19051
What are the prime factors of 867084775?
5, 29, 1195979
What are the prime factors of 258978226?
2, 13, 677, 14713
What are the prime factors of 204366611?
204366611
List the prime factors of 164007809.
7, 23429687
What are the prime factors of 120384796?
2, 7, 67, 64171
List the prime factors of 1110693460.
2, 5, 23, 2414551
List the prime factors of 1198882332.
2, 3, 89, 593, 631
List the prime factors of 2696599.
101, 26699
What are the prime factors of 39742952?
2, 73, 68053
What are the prime factors of 22387257?
3, 23, 37, 79
List the prime factors of 613054375.
5, 980887
List the prime factors of 13653050.
2, 5, 273061
List the prime factors of 1920749176.
2, 240093647
List the prime factors of 1079969507.
1079969507
List the prime factors of 352844910.
2, 3, 5, 11, 199
List the prime factors of 2228914793.
7, 47, 967831
List the prime factors of 121674252.
2, 3, 7, 19, 10891
List the prime factors of 821112836.
2, 941, 218149
List the prime factors of 28933582.
2, 43, 336437
List the prime factors of 379021636.
2, 7, 37, 365851
What are the prime factors of 985148296?
2, 11, 97, 131, 881
List the prime factors of 3319708126.
2, 7, 29, 8176621
What are the prime factors of 44004865?
5, 23, 127, 131
List the prime factors of 5077100505.
3, 5, 47, 79, 91159
List the prime factors of 2820854010.
2, 3, 5, 13, 1249, 5791
What are the prime factors of 1663528106?
2, 6299, 132047
List the prime factors of 99653034.
2, 3, 13, 31, 41213
What are the prime factors of 126168447?
3, 89, 472541
What are the prime factors of 39922818?
2, 3, 13, 511831
What are the prime factors of 59292015?
3, 5, 599, 6599
What are the prime factors of 33487089?
3, 109, 102407
What are the prime factors of 1591228883?
17, 93601699
What are the prime factors of 562896859?
7, 11487691
List the prime factors of 179322545.
5, 17, 827, 2551
What are the prime factors of 45830398?
2, 23, 61, 16333
What are the prime factors of 39914442?
2, 3, 809, 2741
What are the prime factors of 70872633?
3, 13, 257, 2357
List the prime factors of 497506538.
2, 31, 487, 16477
List the prime factors of 7954522697.
11, 853, 77069
What are the prime factors of 67256402?
2, 5113, 6577
List the prime factors of 106692205.
5, 21338441
List the prime factors of 413655212.
2, 5303, 19501
What are the prime factors of 1177026622?
2, 588513311
List the prime factors of 2210404078.
2, 43, 47, 546859
What are the prime factors of 373040073?
3, 7, 173, 3803
What are the prime factors of 121260184?
2, 17, 53, 16823
List the prime factors of 3593880477.
3, 11, 29, 1251787
List the prime factors of 61286900.
2, 5, 612869
What are the prime factors of 83456857?
11, 23, 59, 5591
What are the prime factors of 71944581?
3, 23981527
What are the prime factors of 268717372?
2, 7, 11, 23, 5419
What are the prime factors of 841702305?
3, 5, 56113487
What are the prime factors of 2403212384?
2, 75100387
What are the prime factors of 185270497?
23, 839, 9601
What are the prime factors of 390443149?
647, 603467
What are the prime factors of 68787772?
2, 127, 135409
List the prime factors of 15219785.
5, 7, 97, 4483
List the prime factors of 672380902.
2, 2707, 124193
List the prime factors of 2676731579.
2676731579
List the prime factors of 35422673.
11, 13, 247711
What are the prime factors of 4251464882?
2, 7, 303676063
What are the prime factors of 780805950?
2, 3, 5, 19, 273967
List the prime factors of 38965539.
3, 41, 316793
What are the prime factors of 902995838?
2, 31, 73, 131, 1523
What are the prime factors of 770331101?
1297, 593933
List the prime factors of 204825665.
5, 11, 3724103
List the prime factors of 349066616.
2, 677, 64451
List the prime factors of 1636874048.
2, 53, 482569
What are the prime factors of 13407037?
7, 273613
List the prime factors of 17200347.
3, 5733449
List the prime factors of 1332316936.
2, 19, 8765243
What are the prime factors of 307830138?
2, 3, 7, 11, 569, 1171
List the prime factors of 569704798.
2, 13, 3203, 6841
List the prime factors of 43579073.
149, 292477
List the prime factors of 188766102.
2, 3, 7, 19, 236549
List the prime factors of 5292623805.
3, 5, 7, 50405941
What are the prime factors of 1064044260?
2, 3, 5, 5911357
List the prime factors of 27239486.
2, 3313, 4111
What are the prime factors of 73983652?
2, 107, 172859
What are the prime factors of 73870013?
7, 10552859
What are the prime factors of 205914466?
2, 6029, 17077
What are the prime factors of 7504616?
2, 7, 17, 7883
What are the prime factors of 140722550?
2, 5, 19, 167, 887
What are the prime factors of 1497582128?
2, 7, 19, 797, 883
List the prime factors of 849893605.
5, 11, 15452611
What are the prime factors of 532580557?
827, 643991
What are the prime factors of 1160348775?
3, 5, 311, 49747
List the prime factors of 38927031.
3, 11, 13, 73, 113
List the prime factors of 1500127394.
2, 431, 1087, 1601
List the prime factors of 480513730.
2, 5, 1553, 30941
List the prime factors of 63807971.
2437, 26183
What are the prime factors of 811964744?
2, 17, 5970329
What are the prime factors of 44902294?
2, 22451147
What are the prime factors of 90088414?
2, 13, 37, 2531
List the prime factors of 31412852.
2, 19, 37, 11171
What are the prime factors of 119729190?
2, 3, 5, 7, 570139
List the prime factors of 2833584715.
5, 13, 661, 65951
List the prime factors of 36363743.
13, 2797211
List the prime factors of 32357930.
2, 5, 11, 43, 6841
What are the prime factors of 64474353?
3, 17, 19, 7393
List the prime factors of 957911756.
2, 239477939
What are the prime factors of 333749604?
2, 3, 2027, 13721
What are the prime factors of 552934379?
552934379
What are the prime factors of 3117890692?
2, 7, 37, 311, 9677
What are the prime factors of 106982723?
106982723
What are the prime factors of 337674275?
5, 73, 185027
What are the prime factors of 65719917?
3, 19, 42703
What are the prime factors of 40203031?
11, 19, 149, 1291
List the prime factors of 405297852.
2, 3, 29, 37, 31477
What are the prime factors of 2288216016?
2, 3, 15890389
What are the prime factors of 35204445?
3, 5, 41, 19081
What are the prime factors of 235840111?
13, 18141547
List the prime factors of 3653885603.
4229, 864007
What are the prime factors of 22810096?
2, 61, 23371
List the prime factors of 3095.
5, 619
List the prime factors of 2412681244.
2, 41, 73, 137, 1471
What are the prime factors of 761928220?
2, 5, 38096411
What are the prime factors of 44988914?
2, 22494457
List the prime factors of 1123798238.
2, 211, 2663029
List the prime factors of 47461365.
3, 5, 7, 17, 8863
List the prime factors of 28160913.
3, 11, 109, 7829
List the prime factors of 229774610.
2, 5, 13, 53, 33349
What are the prime factors of 1237032752?
2, 653, 118399
List the prime factors of 982646321.
67, 14666363
List the prime factors of 130820436.
2, 3, 3633901
List the prime factors of 4175679592.
2, 7, 67, 1112921
List the prime factors of 179389079.
9829, 18251
List the prime factors of 280928544.
2, 3, 13, 163, 1381
List the prime factors of 359696989.
1699, 211711
What are the prime factors of 2742648709?
17, 